)) + 4?
24
Calculate (-124 - -128) + (1 + -4 - -30) + 4.
35
What is (-41 - -51) + 5 + -7 + -23?
-15
Evaluate -11 + -21 + 61 + -26.
3
19 + -11 - (14 - 12 - -29)
-23
What is 25 + 9 + (19 - 20) + -9?
24
Calculate 33 + 5 + -24 - (0 + -3).
17
(3 - -3) + -14 - (-5 - 27)
24
Evaluate (-11 - 1) + (4 - -2) + -10.
-16
What is the value of (14 - -7) + (7 - 21)?
7
Evaluate 15 + (3 - 11) - (-8 + 1 - 0).
14
What is 111 + -102 + 0 + 2?
11
Evaluate (-11 - -3) + 3 + -4 + -2 + 6.
-5
Calculate -152 + 130 + (3 - 2).
-21
Calculate -14 - (-14 + -22 + 12).
10
What is -7 + 0 + (15 + -26 - (-3 + -5))?
-10
Evaluate -18 - -12 - 4 - -11.
1
What is 11 + (-5 - (-3 + 5) - -4)?
8
-23 - -26 - (-1 + 4)
0
3 - (8 + -7 - 2)
4
What is (3 - -2) + -4 - (35 + -36)?
2
What is the value of -8 - (-16 - (-14 + 4 - 4))?
-6
What is (-5 - (7 - (15 - (-10 + 7)))) + -14?
-8
What is the value of 46 + -47 - (46 + -6 + -4 - 5)?
-32
(-15 - (-6 - 4)) + (-5 - 0)
-10
Evaluate 14 + -5 + (-14 - 2) + 2 + -8.
-13
Evaluate (-11 - (-8 + -21 - -10)) + -24.
-16
Evaluate 3 - (-1 + -22) - 2.
24
-27 + (12 - 6) + 22
1
Calculate -12 - -30 - (0 + 15).
3
Evaluate 11 - 1 - (-201 - -203) - -1.
9
What is the value of -54 - -56 - (-2 + 3 + 0 + -2)?
3
What is the value of 1 - 17 - (47 - 79)?
16
Calculate 1 - ((2 - 11) + 8).
2
Evaluate -39 - -120 - 104 - (1 - (-2 + 0)).
-26
Calculate -73 + 63 + (1 - -8 - -2).
1
(3 - -3) + 4 + -8 + -2 + -10
-10
(32 - 7) + 13 + -21
17
(-121 - -94) + 2 + 1
-24
What is 9 + 5 + -9 + -3 + -8 + 4?
-2
Calculate 1 + -29 + 2 + (270 - 258).
-14
Evaluate -1 - ((-11 - -1) + 9 + (-27 - -1)).
26
Evaluate (-5 - -17) + 1 + -13.
0
What is the value of 0 + 2 + -4 + 9 - (12 + -14)?
9
What is the value of -159 - -158 - (-1 - -7)?
-7
Calculate -3 - 29 - (-18 + -7).
-7
What is the value of -1 + -6 - (-145 - -142)?
-4
Calculate 0 + (-6 - -12) + -20.
-14
Evaluate 11 - (-2 + (-1 - -14)).
0
What is -4 + (17 - (-11 + 15))?
9
Calculate 0 + -11 + 0 - (-512 + 518).
-17
Calculate 3 + -17 + 16 + -24.
-22
Evaluate 5 - ((7 - 18) + 6 + 3 - 12).
19
What is the value of (-28 + 37 - (4 + 0)) + 6 + 4?
15
What is the value of -10 + (3 - 7) + 9 - -4?
-1
Calculate 1 + 2 + 2 - 9.
-4
Evaluate 75 + -33 + (-3 - 4) + 5 + 1.
41
-2 + -6 - (9 + 19 + -41 + -11)
16
What is 2 + 15 + (11 - 20) + (2 - 7)?
3
Calculate (28 - 13) + 21 - 61.
-25
Evaluate -7 + -2 - (0 - -1 - (27 - -2)).
19
Evaluate 10 - (18 + -5 + (0 - 3)).
0
What is the value of (285 - 265) + -1 + -13?
6
What is -11 + (-1332 - -1343) + (-2 - -1 - 5)?
-6
What is -1 + -2 - 5 - (48 + (13 - 44))?
-25
What is (7 - 4) + 6 + -5 + -2 - -6?
8
Evaluate 53 + -59 + 1 + -2 + (-6 - 1).
-14
12 - (38 + -14 - 11)
-1
What is 3 + 2 + (-148 - -148 - (-1 + -2))?
8
14 + -4 + -23 - -9
-4
Calculate 23 - 2 - (47 - 53).
27
Evaluate 5 + -14 + -4 + 21.
8
What is (-2 - -2 - (2 + -1 - 7)) + -9?
-3
What is 1 + 27 + 9 + -21 + 14 + -10?
20
Evaluate (-22 - -30) + 0 + (-18 - (-4 + 8)).
-14
Evaluate 40 - (-36 - (-24 + -46)).
6
-19 - (-5 + 14 + -7 + -3)
-18
-1 - (1 - 0) - (13 + -9 + 3)
-9
Evaluate 7 + (11 + 0 - 12).
6
Calculate -1 + -3 + ((-27 - -14) + 7 - -5).
-5
Calculate -31 - (-13 - -8 - 11).
-15
What is -39 - -10 - -53 - 17?
7
What is 156 + -152 + -16 + -4?
-16
Evaluate -19 + -1 - ((-38 - (5 - 20)) + 17).
-14
What is the value of -8 + (17 - (1 + -2))?
10
What is (14 - (2 - -1)) + 16 + -16?
11
Evaluate -6 + (2 - 3) + 10 + (-13 - -11).
1
Evaluate 60 - 69 - (-22 - -3).
10
-8 + 3 + (35 - 29)
1
4 - 6 - (1 + (-9 - -18))
-12
13 + 3 - 3 - (13 + -6)
6
What is the value of (-3 - -18) + -4 + 1 + -2?
10
What is 1 + 7 + 0 + (34 - 31)?
11
Evaluate (42 - 41) + 12 + -26.
-13
What is -69 + 80 - (-11 + 5)?
17
Calculate 2 + 4 + 160 + -160.
6
What is (276 - 278 - (9 - (2 + 0))) + 5?
-4
Calculate (-3 - -12 - (8 - -1 - 18)) + 6.
24
What is 3 + (7 + 0 - 11) + (13 - 2)?
10
Calculate (29 - 17) + (-8 - 0).
4
What is the value of (22 + -23 - 5) + -6 + 1?
-11
What is the value of 3 + (-30 - (-7 - (-8 - -5 - -2)))?
-21
What is the value of -3 + -1 + 10 + (1 - 0 - 0)?
7
What is the value of -130 + 101 - (-21 - -4)?
-12
What is the value of (-5 - (-6 - -7 - 0)) + (2 - 0)?
-4
What is the value of -6 - (22 + -18 - (14 - 0))?
4
Evaluate -140 + 161 + (-11 - (-2 + -1)).
13
(7 - (-14 - -27)) + (1 - 1)
-6
What is the value of 19 - 22 - (11 - 10)?
-4
Calculate -62 + (70 - 34) - -16.
-10
-13 + 2 + 13 - 10
-8
((4 - 6) + 0 - 4) + 9
3
Evaluate -4 - (2 + -21 + 6 - -6).
3
Evaluate 16 + -21 + -12 + (0 - -3) - -4.
-10
Evaluate -1 + 1 + 2 - 5 - (-826 - -820).
3
Evaluate (1 + 13 - 21) + -11.
-18
1 + (13 - (-11 + 15))
10
24 + -29 + (17 - -3)
15
What is 278 - 297 - (3 + -22)?
0
What is the value of 1 + -24 + 20 + 8 + (11 - 31)?
-15
Calculate 1 + 20 + (4 - (34 + -7 + -16)).
14
What is -20 + 11 - 10 - (-2 - (1 - -4))?
-12
What is -29 - ((-48 - -9) + -6)?
16
What is (87 - 80) + 1 + 0 - (1 - 12)?
19
(-4 - (0 + -1 + 1)) + (0 - -3)
-1
What is the value of (-4 - 2 - -3) + (-39 - -37)?
-5
What is (-36 - -44) + (2 - 2)?
8
What is the value of 17 + (3 - (16 + 18 + -44))?
30
Calculate 19 + 1 + 45 + -60.
5
What is 7 - ((14 - 7) + -11)?
11
What is -3 + 5 - -1 - 8?
-5
What is -7 + 37 + -41 + (-7 - (-4 + 1))?
-15
What is the value of (-3 + 3 - (0 + -7)) + (78 - 74)?
11
What is the value of (6 + -11 - 10) + 23?
8
What is 21 + -2 - (55 - (-67 + 130))?
27
What is 484 - 479 - (0 - -9)?
-4
Evaluate 6 - ((-5 - 4) + 22 + -10).
3
Calculate 347 + -345 + 0 + 3.
5
(-11 - 2) + 22 - 4 - 27
-22
7 + 4 - (1 - -5) - -9
14
What is the value of (-1 - (0 + 4)) + (-1251 - -1276)?
20
What is 6 - ((-3 - (-1 - (0 - 7))) + 3)?
12
Calculate 234 - 231 - ((-2 - 2) + -1).
8
Evaluate 36 + -31 + (11 - (-4 + 5)) - -9.
24
What is (-3 - 4) + (2 - (2 - (-2 - -5)))?
-4
Evaluate -6 + (-1 - 6) + (-11 - -1) + 9.
-14
What is 8 + (11 - 11 - 8) + (4 - 0)?
4
Evaluate 9 + 1 - (9 - ((-14 - -8) + 10)).
5
What is (-29 + -1 - -2) + (0 - -19 - 14)?
-23
What is (25 - 29) + 0 + (0 - -1)?
-3
Calculate (-20 - -1) + (-26 - -22) + -5 - -3.
-25
Calculate -22 + 0 - (63 - 76).
-9
Calculate 2 - (0 - 5) - (-7 - 10).
24
Evaluate (0 - -8 - (-11 - (-26 - -18))) + -2.
9
What is (-2 + -4 - -17) + -31 + 6?
-14
Calculate -10 + -17 + 18 + -3.
-12
Calculate 10 + -5 - (-12 + 4).
13
What is -13 + (4 + -6 - -4 - -12 - 6)?
-5
What is (166 - 153) + -10 + 0?
3
What is the value of 36 + 9 + -21 - 29?
-5
What is -2 + (0 - (-14 - (-1 - 6))) - 1?
4
What is -78 + 67 - (-6 + -3 - 0)?
-2
(15 - 2 - 25) + (10 - -4)
2
Calculate (-25 - -7 - (0 + -15)) + 10 + 1.
8
Calculate (-7 - -19) + -7 + -44 + 14 + -10.
-35
Evaluate 0 - (-9 + 16 - 15 - (-3 + 1)).
6
Evaluate -100 + 109 + 3 + -5.
7
What is the value of -3 + -6 + (9 - (15 - 9)) - 2?
-8
22 - 20 - (-18 - (7 - 15))
12
Evaluate -263 - -236 - (2 + -14).
-15
What is the value of -5 + (0 - 1) + (50 - 47)?
-3
Evaluate 4 - (0 - (-3 + (-14 - -7) - -3)).
-3
Calculate -20 - (-2 - (5 + -2 + 0)).
-15
What is -14 - -3 - 0 - (-10 - (-1 + -1))?
-3
27 + -40 + -29 + 9 + 9
-24
What is 0 + ((-19 - -15) + -8 - (1 - 0))?
-13
What is -50 + 60 + (-14 - 4)?
-8
What is the value of (-10 - -5 - -4) + (-1 - (2 - 1))?
-3
(-28 - -26) + -11 + 2
-11
(0 - 1) + -3 + 6 + 11
13
-8 + -12 + -3 + 0 + 12
-11
What is the value of 2 + (18 - 12) + 10 - 4?
14
Evaluate 390 + -396 - (-1 + -22).
17
Calculate (-112 - -117) + 1 + 1 + -2 - 0.
5
What is -4 - ((20 + 0 - 14) + -11)?
1
What is the value of (20 - -2) + -100 + 68?
-10
(-17 - (-10 + 0)) + 16
9
What is ((-2 + 1 - 7) + -9 - -6) + 31?
20
What is the value of 1 + -1 + -9 + (22 - (0 - -27))?
-14
Evaluate 13 + 13 - -3 - (8 + (2 - 3)).
22
Evaluate (5 - 3) + (-6 - (-11 + 1 + 5)).
1
What is (1 - 0) + 7 + 0 + -10 + 7?
5
What is the value of (27 + (-4 - -1) - -1) + 6 + -6?
25
Calculate 16 + (9 - 10) - 9 - -7 - -8.
21
Calculate (-27 - -22 - -24) + -15.
4
What is the value of -8 - (-3 - (-4 - 1 - -3))?
-7
What is the value of 6 + 2 + -18 - (-8 + 5)?
-7
Calculate -2 + 5 + (6 - 16) + (-2 - -7).
-2
(16 - 9) + 1 + -5
3
Calculate -26 + 8 + -35 + 53.
0
Evaluate -12 + 9 - (2 + 8) - (-6 + 0).
-7
What is -8 + (-15 + 11 + -4 - -8)?
-8
Calculate -15 - (7 - 31) - 13.
-4
Calculate -8 + (-22 + -5 + 16 - -20) + 1.
2
-15 + 8 + -3 - (-1 + 11)
-20
What is (-18 - -1) + (30 - 25)?
-12
What is the value of (-11 - 10) + 56 - 21?
14
(16 - 1) + 30 + -96 + 64
13
Evaluate 1 + -3 + 1 + (-17 - (21 + -40)).
1
What is the value of -8 + -